 l(x) = -6*i(x) - 11*k(x). Determine l(t).
-1
Let w(j) = -6*j**3 - 3*j**2 - 3*j - 3. Let a(u) = -6*u**3 - 2*u**2 - 2*u - 2. Let r(v) = 6*a(v) - 4*w(v). Let x = 52 + -50. Suppose 7*m + 5 = x*m. What is r(m)?
12
Let d(t) = -20*t**3 + 18*t**3 - 39*t + 8 - 2*t**2 + 3*t**2 + 37*t. Determine d(0).
8
Let m(s) be the first derivative of s**3/3 + s**2 - 49*s - 2017. Determine m(-7).
-14
Let m(g) be the first derivative of -g**2 + 4*g + 1. Suppose 471*t - 406*t = 260. Give m(t).
-4
Let n(y) = -y**2 + 11*y + 16. Let j(g) = 2*g**2 - g + 2. Let z(u) = -u**2 + 31*u + 48. Let l(r) = j(r) - z(r). Let s(d) = -6*l(d) - 17*n(d). Determine s(5).
4
Let d(b) = -3405522 - 27*b**3 - 20*b**3 - 4*b**2 + 3405524 + 2*b. Calculate d(-1).
43
Let h(j) = j**2 + 7*j + 7. Suppose 24 = w + 3*p, -w + 44 = -p - 0*p. Let y = -43 + w. Let b be (y/3 - -1) + 34/(-6). Calculate h(b).
1
Let u(w) = -3*w + 6*w - 3 + 2*w + 6*w - 8. Determine u(-3).
-44
Let i(g) = -g**3 + 8*g**2 + g - 7. Let a(j) = j**3 + 2*j**2 - 6*j - 14. Let d be a(-4). Let m = d - -34. Let p be (-16)/((m/(-15))/((-4)/(-10))). What is i(p)?
1
Let c be 4 + (-39)/(-3) + -13. Let t(w) = 10*w - 46. Give t(c).
-6
Let p(z) be the second derivative of 7*z**5/10 + z**4/12 + z**3/2 - 2*z**2 + z - 3899. What is p(2)?
118
Let v(b) = -8418*b + 8426*b + 0 + b**3 + 7. Determine v(0).
7
Let a = -49 + 48. Let o(y) be the first derivative of y + 1/2*y**2 - 4/3*y**3 - 3. Determine o(a).
-4
Suppose -4*d = -5*a - 43, 3*d + 4*a + 18 = 27. Let f(n) = n**3 - 5*n**2 - 8*n - 27. Give f(d).
15
Let g be (8 + -8)/(6/3 - -1). Suppose -2*m - 8*m + 70 = g. Let h(y) = 2*y. Let c(r) = 5*r + 1. Let f(v) = c(v) - 2*h(v). What is f(m)?
8
Let l(a) be the first derivative of 11*a - 1 + 1/2*a**2. Suppose 3*h + h = 12, 23*h = 5*v + 22*h + 28. Determine l(v).
6
Let j be (-3 - 0)/(1 - 0). Let k(l) = -421*l + 937*l - 515*l + 2. Calculate k(j).
-1
Let y = 20 - 15. Let g(i) be the first derivative of 2*i**3/3 - 7*i**2/2 + 2*i - 807. Calculate g(y).
17
Let x(g) = -77520 - g + 77494 - 3*g. Calculate x(-6).
-2
Let l be (4 - -30) + ((-8)/(-1))/2. Let j(d) = 16 + 24 - l - d. What is j(-5)?
7
Let v = 40379 - 40396. Let l(f) = 13*f + 208. Determine l(v).
-13
Let s(j) = -j - 20. Suppose -5*q + 179 = 164, y = 2*q + 6. Calculate s(y).
-32
Let c(u) = 0*u - 5182 + 5169 - u. Let y be c(-26). Let o(i) = -i**2 + 14*i - 16. Give o(y).
-3
Let w(s) = -2888*s + 1. Let o(l) = 3110*l - 1. Let h(y) = 13*o(y) + 14*w(y). Let j = -9 - -3. Let d be 4/j - 5/(-3). Determine h(d).
-1
Let k(t) = t**2 + 15*t - 27. Let p(m) = 2*m**2 - 130*m - 130. Let d be p(-1). What is k(d)?
7
Let d be 20/25 - (-2 + (-348)/(-10)). Let m be (-3)/((-18)/d)*(-2 + 5). Let t be 1/((8 + -4)/m). Let g(b) = 6*b + 2. Give g(t).
-22
Let u(g) = 4*g**3 - 6*g**2 - 7*g - 1. Let z(y) = -3*y**3 + 6*y**2 + 7*y + 2. Let x(a) = -12*a - 101. Let p be x(-8). Let r(v) = p*z(v) - 4*u(v). What is r(-5)?
4
Suppose 111*o - 21 = 5*s + 113*o, -4*s + 2*o + 12 = 0. Let l(a) be the first derivative of -a**4 + a**2/2 + a - 2. Determine l(s).
4
Let n = -14712 + 14706. Let b(o) = o**2 + 6*o + 14. Give b(n).
14
Suppose -3*c - k - 3*k = -672, -c + 4*k + 224 = 0. Let z(i) = -c*i - 11 - 227*i + 450*i. Give z(0).
-11
Let k(w) be the third derivative of w**7/2520 + w**6/360 + w**5/120 + w**4/12 + 25*w**3/6 - 72*w**2. Let m(b) be the second derivative of k(b). Give m(-3).
4
Let m(l) = l + 5. Let z be m(4). Let a(c) be the first derivative of 15*c + 269 - 1/2*c**2. Give a(z).
6
Let i(t) be the third derivative of t**6/40 - t**5/30 - t**3/6 - t**2 - 218*t. Calculate i(2).
15
Let m(h) = -h**3 - 6*h**2 + h + 2. Let o(i) = 3*i**3 + 34*i**2 - 28*i - 46. Let l(t) = 2*m(t) + o(t). What is l(-23)?
27
Let m be 4/(-52) + 120/39. Let p(x) = 8*x - 6. Let j(l) = 12*l - 10. Let g(i) = -5*j(i) + 8*p(i). What is g(m)?
14
Let z(o) be the third derivative of o**5/60 - 2*o**3/3 + o**2 - 128. Suppose 0 = -0*s + 7*s - 3*s. Determine z(s).
-4
Suppose 0 = -w + 2, 0 = 2*z + w + w + 26. Let u(v) = -v**3 - 14*v**2 + 15*v - 14. Give u(z).
-14
Let v(a) = -7*a**2 - a + a**3 + 10 + 0*a - a. Suppose 0 = f - 19 + 13. Suppose f*p + 6*p = 84. Determine v(p).
-4
Let i(s) = -3*s**3 + 2*s - 1. Let k be i(1). Let b be (4/(-12))/(k/(-18)) - -28. Let l = -29 + b. Let w(v) = -v**2 - v - 5. Give w(l).
-17
Let l(o) = -2*o**2 - 70*o - 5. Let h be 2905/830*(-1 - 9). Determine l(h).
-5
Let d(t) = t**3 + 13*t**2 - 816 - 4*t**2 + 807. Determine d(-9).
-9
Let z(i) = -46*i - i**3 + 9034 - 9053 - 22*i**2 - 69*i. What is z(-8)?
5
Let h(q) = 2*q - 2. Let t(a) = 5*a - 3. Let x(u) = 5*h(u) - 3*t(u). Let d(v) = -v + 20. Let m be d(0). Suppose z = -22 + m. Determine x(z).
9
Let w(r) = r**3 + 0*r**2 + 2846 + 2931 - 5775 - r + 3*r**2. Suppose 0 = -2*o - n - 6 + 1, 2*o + 7 = -3*n. Calculate w(o).
8
Let y(n) be the second derivative of n**2 + n - 1/20*n**5 + 65 + n**3 + 5/12*n**4. Calculate y(6).
2
Let o(j) = -3*j + 11. Let r(v) = 16*v + 166. Let i be r(-11). Let g be (2/5 - 1)/(i/50). What is o(g)?
2
Let v(l) = 2*l**3 - 52*l**2 + 47*l + 78. Let i be v(25). Let s(t) = -t**3 + 4*t**2 - 5*t + 2. Determine s(i).
-4
Let p(h) be the second derivative of -1/20*h**5 - 7/2*h**2 - 11/6*h**3 + 0 - 11/12*h**4 - 63*h. Determine p(-10).
3
Let x(y) = 3*y + 4. Let c(p) = -4 + 19 - 11 - 9 - 4*p. Let t(q) = 5*c(q) + 6*x(q). Let v be (4/(-8) - 0) + (-18)/4. Calculate t(v).
9
Let x(f) = 45*f + 170. Let o(l) = -136*l - 510. Let a(q) = -2*o(q) - 7*x(q). Let w be a(-4). Let j(m) = 5*m + 2. Give j(w).
12
Suppose u - 6*u - w = -41, -5*w = -30. Suppose -5*d - 23 = f, -4*f + 20 = f - 2*d. Let v(c) = -4*c**2 + 5*c**2 + 0*c**2 - f - u*c. Give v(5).
-12
Let x(c) = -c**2 - 8*c - 6. Suppose 7*h + 123 = -45. Let z be ((-36)/h)/(11/14 - 1). What is x(z)?
1
Suppose -4*c + 47 = -17. Let q be 2/(-3)*(-72)/c. Let j(l) = -3 - 2*l**3 + 6*l**2 + 3*l**q - l**2 - l**2 - l. Give j(-3).
9
Let l(j) be the first derivative of 2*j**3/3 - 7*j**2 + 10*j + 968. Calculate l(7).
10
Let o(t) be the third derivative of -11*t**4/24 + 7*t**3/3 - 7*t**2 - 8. Let c(i) = -9*i + 12. Let r(h) = 5*c(h) - 4*o(h). What is r(-3)?
7
Let i be 299/23 - (-2)/(-1). Suppose 5*t - i*t = -48. Let p(u) = 7*u**2 - 18*u + 21. Let y(z) = -4*z**2 + 9*z - 11. Let w(x) = -3*p(x) - 5*y(x). What is w(t)?
0
Let b(w) = 11*w**2 - 29*w. Let l(d) = 5*d**2 - 14*d. Let s(u) = 6*b(u) - 13*l(u). Let j be (-168)/30*(-1 - 9). Suppose j = 287*k - 295*k. What is s(k)?
-7
Let f(c) = -22*c + 2. Suppose 4*d = 2*b + 20, -b + 4*b + 18 = 3*d. Let t be 9/(-6) + b/(-4). Give f(t).
24
Let v(g) = 2*g**2 + 21*g - 10. Let h be 2*1/(-10) - 33/((-3135)/(-931)). Determine v(h).
-20
Let g(b) = -b**3 - 30*b**2 + 215*b - 9. Let o be g(-36). Let w be 5/(-5) - (0 - 7). Let j(s) = -w*s - 20 + o + 2*s. What is j(7)?
-21
Let s(f) = f - 27. Let q be (357/(-49))/(-3)*7. Suppose -55 = -22*k + q*k. Determine s(k).
-16
Suppose g = -4*r - 39, 4*g - 46 = 5*r + 8*g. Let f(s) = -13*s**2 - 22*s + 10. Let t(n) = -23*n**2 - 40*n + 20. Let o(z) = 7*f(z) - 4*t(z). Give o(r).
30
Suppose -y = -v - 0*v + 1, 5*v - 5 = -5*y. Let t(h) be the third derivative of 11*h**5/60 + h**3/6 - h**2 - 268. Determine t(v).
12
Let p(g) be the third derivative of g**5/60 - g**4/8 + g**3/3 + 2*g**2 + 35. Let d(w) = -4*w - 24. Let a be d(-7). What is p(a)?
6
Let h(o) be the third derivative of 7*o**4/24 - 152*o**3/3 - 798*o**2. Determine h(44).
4
Let r = 12444 - 8647. Let c(i) = -3797 + r + i**2 - 10*i. Calculate c(9).
-9
Let c(o) = -3*o - 13. Let x(q) be the first derivative of -q**2/2 - q + 5. Let a(v) = c(v) - 4*x(v). Let h be (-8)/6 - (3 + (-91)/21). Determine a(h).
-9
Let n(d) be the first derivative of -d**2 + 1/12*d**4 + 1/6*d**3 - 22*d + 10. Let p(r) be the first derivative of n(r). What is p(-2)?
0
Let z = 101 - 101. Suppose 1 = -2*x - 3*f, z = -11*x + 6*x - 5*f. Let g(w) = -26*w**3 - 2*w**2 + 2*w - 1. Determine g(x).
-27
Let v = -338 + 361. Let m(k) = 6 + v*k + 26*k - 77*k + 27*k. What is m(5)?
1
Let z(c) = -c**2 + 20*c - 32. Let q be z(18). Suppose q*k - 12*k + 11*k = 0. Let a(p) = -3 - p + 4 + 6 + k*p. Determine a(5).
2
Let z be (-2)/(-29)*(-2233)/(-154). Let u(x) = -9*x. Determine u(z).
-9
Let c(o) = o**3 + 35*o**2 + 4*o + 26. Let u(t) = -t**3 - 66*t**2 - 9*t - 51. Let r(s) = -5*c(s) - 3*u(s). Determine r(12).
-37
Let k(o) = -o**2 - 14*o - 27. L